3454 is divided by 52?
34
What is the remainder when 49924217 is divided by 3444?
3437
Calculate the remainder when 33974532 is divided by 33974512.
20
Calculate the remainder when 1244564 is divided by 181.
8
Calculate the remainder when 105670 is divided by 5028.
82
What is the remainder when 88030286 is divided by 22007571?
2
What is the remainder when 44023119 is divided by 3668592?
15
Calculate the remainder when 593338 is divided by 112.
74
What is the remainder when 22891 is divided by 22500?
391
Calculate the remainder when 109595199 is divided by 106.
103
Calculate the remainder when 149367099 is divided by 1700.
1699
What is the remainder when 2907518 is divided by 308?
306
What is the remainder when 658304 is divided by 825?
779
Calculate the remainder when 110368436 is divided by 55184209.
18
Calculate the remainder when 276016 is divided by 1673.
1644
What is the remainder when 32061566 is divided by 4145?
4136
Calculate the remainder when 3831111 is divided by 5659.
5627
What is the remainder when 2965160 is divided by 461?
8
Calculate the remainder when 25252 is divided by 8410.
22
Calculate the remainder when 66436857 is divided by 59.
25
Calculate the remainder when 138404967 is divided by 51.
45
Calculate the remainder when 50064 is divided by 45.
24
What is the remainder when 94977669 is divided by 14?
3
What is the remainder when 122652 is divided by 20?
12
Calculate the remainder when 176081 is divided by 50.
31
Calculate the remainder when 260137 is divided by 86702.
31
What is the remainder when 291587 is divided by 291424?
163
Calculate the remainder when 59976 is divided by 252.
0
Calculate the remainder when 75658 is divided by 4759.
4273
Calculate the remainder when 811967 is divided by 385.
2
Calculate the remainder when 65322125 is divided by 46692.
17
Calculate the remainder when 5857499 is divided by 428.
319
Calculate the remainder when 108557024 is divided by 70.
44
What is the remainder when 186852 is divided by 186091?
761
What is the remainder when 2975201 is divided by 743797?
13
What is the remainder when 49369308 is divided by 146?
138
What is the remainder when 4338599 is divided by 4338591?
8
What is the remainder when 939 is divided by 511?
428
What is the remainder when 3283336 is divided by 3378?
3298
What is the remainder when 10853220 is divided by 8918?
14
Calculate the remainder when 2393647 is divided by 134.
5
Calculate the remainder when 13008972 is divided by 3252231.
48
Calculate the remainder when 69050 is divided by 999.
119
Calculate the remainder when 8556 is divided by 2411.
1323
What is the remainder when 1531601 is divided by 1531546?
55
Calculate the remainder when 35817396 is divided by 545.
541
What is the remainder when 459917 is divided by 1854?
125
What is the remainder when 427277697 is divided by 950?
947
What is the remainder when 2929503 is divided by 2033?
1983
Calculate the remainder when 4909810 is divided by 6689.
84
Calculate the remainder when 17813467 is divided by 101.
97
What is the remainder when 43445613 is divided by 24?
21
What is the remainder when 36998493 is divided by 3799?
32
Calculate the remainder when 9155395 is divided by 14.
11
Calculate the remainder when 854143 is divided by 898.
145
Calculate the remainder when 5748065 is divided by 1149597.
80
Calculate the remainder when 1758372 is divided by 219795.
12
Calculate the remainder when 86545 is divided by 3738.
571
What is the remainder when 4853183 is divided by 609?
62
Calculate the remainder when 3855217 is divided by 2538.
2533
What is the remainder when 77243377 is divided by 157?
5
What is the remainder when 66118222 is divided by 1941?
1939
What is the remainder when 24602438 is divided by 376?
6
Calculate the remainder when 62348 is divided by 709.
665
What is the remainder when 38015641 is divided by 452567?
13
Calculate the remainder when 1337540 is divided by 779.
776
What is the remainder when 258538837 is divided by 1192?
1189
What is the remainder when 1078657 is divided by 15186?
451
Calculate the remainder when 9784024 is divided by 71.
11
What is the remainder when 3752687 is divided by 813?
692
Calculate the remainder when 534971 is divided by 35.
31
Calculate the remainder when 28854 is divided by 2975.
2079
What is the remainder when 605765 is divided by 201227?
2084
Calculate the remainder when 1109319 is divided by 5.
4
What is the remainder when 623797 is divided by 80?
37
Calculate the remainder when 14317352 is divided by 2300.
2152
Calculate the remainder when 174949 is divided by 54462.
11563
What is the remainder when 48691 is divided by 1215?
91
What is the remainder when 1778485 is divided by 472?
461
What is the remainder when 879329 is divided by 7096?
6521
What is the remainder when 637987 is divided by 4053?
1666
What is the remainder when 10651 is divided by 115?
71
What is the remainder when 7421966 is divided by 30?
26
Calculate the remainder when 979100 is divided by 5317.
772
What is the remainder when 9536823 is divided by 11?
10
What is the remainder when 126922374 is divided by 39?
33
Calculate the remainder when 283702302 is divided by 688.
686
Calculate the remainder when 2969727 is divided by 3126.
27
What is the remainder when 4833504 is divided by 64?
32
Calculate the remainder when 14936332 is divided by 41.
32
What is the remainder when 206452 is divided by 51591?
88
What is the remainder when 1832121 is divided by 3739?
11
What is the remainder when 19673737 is divided by 66?
61
Calculate the remainder when 17857516 is divided by 595250.
16
What is the remainder when 62973080 is divided by 2979?
2978
What is the remainder when 1730703 is divided by 91?
65
Calculate the remainder when 104028476 is divided by 288.
284
Calculate the remainder when 38822041 is divided by 38822028.
13
Calculate the remainder when 23004669 is divided by 583.
72
Calculate the remainder when 42530308 is divided by 21265152.
4
What is the remainder when 1401913 is divided by 1401338?
575
Calculate the remainder when 2011385 is divided by 502835.
45
What is the remainder when 91237 is divided by 507?
484
Calculate the remainder when 385592 is divided by 2081.
607
Calculate the remainder when 27835 is divided by 27684.
151
What is the remainder when 40491486 is divided by 765?
36
Calculate the remainder when 180880 is divided by 696.
616
Calculate the remainder when 3152814 is divided by 92729.
28
Calculate the remainder when 23767 is divided by 2297.
797
What is the remainder when 11454452 is divided by 11454450?
2
What is the remainder when 209160 is divided by 29666?
1498
Calculate the remainder when 823071 is divided by 12467.
249
Calculate the remainder when 33735433 is divided by 2503.
2502
What is the remainder when 68493692 is divided by 12194?
12188
Calculate the remainder when 350866653 is divided by 672.
669
What is the remainder when 36382 is divided by 35902?
480
What is the remainder when 1544276 is divided by 855?
146
What is the remainder when 2223274 is divided by 309?
19
What is the remainder when 400885 is divided by 21088?
213
Calculate the remainder when 296237 is divided by 654.
629
Calculate the remainder when 16814613 is divided by 104.
101
Calculate the remainder when 67583543 is divided by 90.
23
What is the remainder when 3328635 is divided by 10?
5
What is the remainder when 380631 is divided by 15123?
2556
What is the remainder when 1218297 is divided by 586?
3
What is the remainder when 4787557 is divided by 2393734?
89
What is the remainder when 2664776 is divided by 46?
42
Calculate the remainder when 79256 is divided by 14669.
5911
Calculate the remainder when 13099629 is divided by 79.
7
What is the remainder when 9929 is divided by 3256?
161
Calculate the remainder when 3309940 is divided by 36.
28
Calculate the remainder when 166001 is divided by 399.
17
What is the remainder when 61984575 is divided by 1215383?
42
Calculate the remainder when 664727 is divided by 584.
135
What is the remainder when 16530 is divided by 8242?
46
Calculate the remainder when 20732390 is divided by 3455398.
2
Calculate the remainder when 965248 is divided by 482617.
14
What is the remainder when 2447364 is divided by 349612?
80
What is the remainder when 2535